 = v + 22630. Is q a prime number?
False
Suppose -5*i + 3*k + 27 = 0, -k + 1 = 5. Suppose -4*f = -8*u + 5*u - 8225, -6175 = -i*f + u. Let y = -1117 + f. Is y a composite number?
True
Let a(b) = 12*b - 8. Let q be a(1). Suppose -q*g + 14818 = 2*d, -d - 5*g = -9269 + 1854. Is d a prime number?
False
Suppose -g + w = -5*g - 13, -3*g + 3*w = 21. Let l(u) = -4 - 65*u - 9 + 14*u. Is l(g) prime?
True
Let h(b) = 11*b**2 - 78*b**3 - 13 - 11*b - 6*b + 80*b**3. Let k(y) = 5*y**3 + 34*y**2 - 52*y - 40. Let t(x) = -8*h(x) + 3*k(x). Is t(11) a prime number?
True
Let u be ((-5)/15)/(6/(-769644)). Let d = 76785 - u. Is d composite?
True
Suppose -32785 = 3*w + 96980. Let b = -21008 - w. Is b a composite number?
False
Let g be -1 + (-5 + 6)*53211. Let c = g + -35667. Is c a composite number?
True
Is (-12 + 15)/(((-27)/370959)/(-3)) prime?
True
Let d = -507757 + 861246. Is d a prime number?
True
Let h = -524 + 529. Is 9/6 + h + 132015/6 prime?
False
Let b = -132567 - -357957. Is b/(-20)*4/(-6) - 0 composite?
True
Suppose 3*p - 6*p = -d + 218, -3*d - 3*p = -666. Let z(l) = -61*l - d*l + 3 - 1 + 37*l. Is z(-3) a prime number?
False
Let f = 928801 - 412002. Is f prime?
False
Let y be (6 - -2)/(-4) - -11. Suppose y*g - 21433 = 40280. Is g prime?
True
Let u(i) be the first derivative of i**3/3 - 3*i**2/2 - 5*i + 2. Let r(v) = -8*v**2 + 72*v - 13. Let t be r(9). Is u(t) a prime number?
False
Suppose -4*g + 2*u - 10 = 0, 5*u - 11 = 4*g - g. Is (-936 - -7)*g/(-2 + 3) prime?
False
Let b(d) = d**3 - 31*d**2 + 3. Let u be b(31). Suppose u*v - 9*q = -4*q + 4063, 0 = -2*v - 3*q + 2734. Is v a composite number?
False
Let w(n) = -534*n - 45. Let b be w(13). Let s = -4658 - b. Suppose a - 2*l = 2325, a + 0*l - 3*l - s = 0. Is a a prime number?
False
Suppose 3*l + 169694 = -179*c + 183*c, 127260 = 3*c + 3*l. Suppose 0 = -5*y - 47*f + 42*f + 70710, 3*y = f + c. Is y prime?
False
Let c be 26/(-4) - (-1)/2. Let u be 4 + (-2)/c - (-3)/(-9). Suppose -u*x + 1507 = 3*z, 2*z - 771 = -2*x - 3*z. Is x a prime number?
True
Let s(y) = -y. Let j(a) = -171*a - 45. Let u(i) = -j(i) + 4*s(i). Let k(r) = 83*r + 22. Let g(h) = 7*k(h) - 3*u(h). Is g(14) prime?
False
Let b(y) be the first derivative of 10*y**3/3 - 4*y**2 - 5*y + 346. Let l be (-10)/(-20) + (-42)/(-4). Is b(l) prime?
True
Let s(o) = 5154*o**2 + 2*o - 4. Let r be s(2). Suppose 2*m + 9588 = 2*u, 3*u = -2*m + r - 6259. Is u composite?
False
Let l be (-26)/(-6) + 1/(-3). Suppose -5*j + 37070 = 5*c, -l*j + 2*c - 3577 = -33215. Is j a prime number?
True
Let a = 9562 - -85209. Is a composite?
False
Suppose -26*j = -351 + 39. Is 6346/j + (-9)/(-54) a prime number?
False
Let i = 1074626 + -703469. Is i a composite number?
True
Suppose 3*z - 138894 = -3*f, 2*z - 9 = -7. Is f composite?
True
Let j be 258*(1 - 0) + 0 + -3. Let c = -98 + j. Is c a prime number?
True
Suppose 2*z - 19132 = 4*m, -2*m + 5*z - 4783 = -m. Let y = -236 - m. Is y a prime number?
True
Let w(s) = 51628*s**2 + 108*s + 211. Is w(-2) a composite number?
True
Let f(p) = 2749*p - 3. Let n be f(2). Suppose 3*h - 90 = -2*h. Suppose 0 = 13*k - h*k + n. Is k a prime number?
False
Is (-158)/(-7)*1560755/190 prime?
False
Let h = 41 - 34. Let g be (-4 - 4552/14) + 1/h. Is -52 + 54 - g/((-2)/(-2)) prime?
True
Let n(d) be the second derivative of 67*d**3/6 - 7*d**2/2 + d. Let p(h) = -h**2 - 57*h - 452. Let x be p(-47). Is n(x) a composite number?
True
Suppose 3*l - 818829 = -3*z - 229314, 3*z + 4*l = 589521. Is z a prime number?
True
Let m = -405 + 391. Is 2084/(-10)*(35/m)/1 prime?
True
Let a be 266/(-14)*(-38 + 1). Suppose 0 = -u + 2 - 0, 0 = x + u - a. Suppose -2*d = -d - x. Is d a composite number?
False
Suppose 2*o + 2*o - 12 = 0, -4*i + 638 = -2*o. Is i prime?
False
Suppose 0 = -3*n + 5*k + 1075067, 0 = -2*n + 17*k - 13*k + 716714. Is n a composite number?
False
Is (-10)/(-12) + (7940744/48 - 14) + -4 a prime number?
False
Suppose 0 = -5*m + 8 + 7, 3*y = 5*m - 6. Suppose -27 = -4*k + v, 2*v - y*v - 33 = -5*k. Suppose 0 = 2*r + k, 0*b = b - 2*r - 2639. Is b a composite number?
False
Let z(b) = 158*b + 9. Suppose -7*h = -3*h. Let n = h + 7. Is z(n) prime?
False
Suppose 91*n + 43*n - 13250015 = -23*n. Is n composite?
True
Suppose -3*u + 199 = -5*r, -5*u = -7*u - 2*r + 106. Suppose u*q + 6671 = 65*q. Is q composite?
False
Let z(j) = 41*j + 44*j + 8*j + 7. Suppose -u = -0*u - 4. Is z(u) composite?
False
Let v(z) = z**2 - 8*z - 2. Let u be v(9). Suppose r + 5*k + u = 0, -r = -3*r + 5*k + 31. Suppose -6*t + r*t = 148. Is t prime?
False
Let v be ((-8)/16)/(216596/(-216592) + 1). Let a = -10315 + v. Is a a composite number?
False
Let l = 252213 - 161464. Is l composite?
False
Let g be (27658/(-4))/((-11)/(-528)*-4). Suppose 0 = 67*q - 61*q - g. Is q a composite number?
False
Let p be (8/(-2))/((-2)/1683). Let s(f) = -3*f**3 - 3*f**2 + 22*f + 31. Let i be s(-6). Let z = p - i. Is z prime?
True
Suppose 2 = -6*a + 14. Suppose 3*f - 65 = -5*o + a*f, 0 = -5*o - 2*f + 70. Suppose -6*c + o*c - 4506 = 0. Is c prime?
True
Suppose -24*l = 4*l - 84. Suppose -4*f + 7088 = 5*u, 2*f - 3422 = l*u + 144. Is f composite?
False
Let x(w) = 6*w + 83. Let d(s) = -2*s - 28. Let n(u) = 11*d(u) + 4*x(u). Let y be n(-11). Suppose y*t = 4*t + 8, -4*t - 2233 = -3*v. Is v a prime number?
True
Let n = 214 + -161. Suppose 4*l + n = o, 0*o = 3*o - 2*l - 199. Is o composite?
True
Let x = 11698 - 7103. Let c = 15988 - x. Is c a prime number?
True
Suppose -2*m - 104991 = -o, -51*m = -4*o - 54*m + 419909. Is o a composite number?
True
Suppose -517*w - 1916805 = -532*w. Is w composite?
True
Suppose -13 = -3*u + n, u - 2*n = -3*u + 20. Suppose -12452 = -4*s - u*m - m, -2*m - 3116 = -s. Suppose -4*f + 10*f = s. Is f a prime number?
False
Let p = 139 + 49. Suppose -4*k + 820 = 4*l, -5*l - 431 = 2*k - 4*k. Suppose 12*b - p = k. Is b a prime number?
False
Suppose -44*m + 30306512 + 58069301 = -17066359. Is m a composite number?
True
Suppose 5*i - 4*h = i - 3980, -3*i - 2987 = -2*h. Let o = 1451 + i. Suppose -3*q + o = -299. Is q composite?
False
Let x = 483 + -480. Suppose x*q - 9797 = 2*y, -3*y - 1645 - 1630 = -q. Is q a prime number?
False
Let b = 212 + -150. Let c = -56 + b. Suppose l = -c*l + 329. Is l a composite number?
False
Let k(f) be the third derivative of 101*f**4/24 + 3*f**3/2 - 2*f**2. Let z = -601 - -603. Is k(z) a composite number?
False
Let j = 17 - 17. Let i be 2/(-1) - (-6 - j). Suppose 647 = i*v - a, 5*v - a + 295 - 1103 = 0. Is v composite?
True
Let n = -24 - -28. Let w be 9807/n + (-4)/(-48)*3. Suppose -4*s + 3*s = -5*r - w, -2*r - 4880 = -2*s. Is s composite?
False
Let t(k) = 574*k - 21. Let l(x) = -x**3 - 11*x**2 - 23*x - 44. Let c be l(-9). Is t(c) composite?
True
Suppose -3*j = -5*w + 605288, -w = 26*j - 21*j - 121052. Is w prime?
False
Suppose -3*m = -m - 20. Suppose -2912*j + 21 = -2905*j. Suppose -8*l = 4*r - m*l - 11750, -j*r - l = -8820. Is r composite?
False
Let s(g) = -g**2 + 12*g + 2. Let q be s(0). Is (645/45)/(q/6) composite?
False
Suppose 17*r = 2*r + 6095432 + 6810673. Is r prime?
False
Let c be (-2112)/(-8) + (0 - -5). Let y be c + 3 + -2 + 1. Suppose -3*x + 1282 = y. Is x prime?
True
Let p be 2112 - 4/8*-2. Let j = p + 886. Is j prime?
True
Let d = 4414741 - 3082820. Is d a prime number?
True
Suppose 0 = 5*d - 7*d + 14. Suppose -f = -4*n + 8, 0*f + 10 = -2*f + 5*n. Suppose -d*m + 6 + 2059 = f. Is m a prime number?
False
Suppose -32 = -t + 12. Let b(s) = 108*s + 91. Is b(t) a prime number?
False
Suppose -5*a - 4*h + 2087075 = 0, -5*a + 1200853 = -3*h - 886257. Is a a prime number?
True
Is (4 - -3 - -4) + 1138800/10 a composite number?
False
Let w(m) = m**3 + 18*m**2 - 8*m - 9. Let o(j) = -7*j - 59. Let p be o(-8). Let u(l) = -2*l**2 + 2*l + 8. Let x be u(p). Is w(x) prime?
True
Let a be ((-1)/(24/20612))/(3/(-18)). Suppose c - 12900 = -5*z, 0 = 2*z - 0*z - c - a. Is z a composite number?
False
Let n be 20/(-6)*(-5 + 118/(-10)). Suppose -38*g - 34218 = -n*g. Is g composite?
False
Let o = -1168 - -2807. Is o prime?
False
Let y(r) = r**2 + 5*r + 9. Let n be y(-2). Suppose -n*q + 7 = 7. Suppose 4*z + 4*x - 4336 = 0, -4*x - 19 + 7 = q. Is z a composite number?
False
Suppose 0 = w + 5*t - 5, -4*w + 10*t - 4 = 6*t. Suppose -n + 4 = w, -2*x + x - 5*n = -6258. Is x composite?
True
Is (-1 - 0 - 